 -872*b**2 - 42 - 6*b + 19*b + 2*b + 870*b**2 + 6*b. Give g(7).
7
Let x(l) be the first derivative of l**4/4 + 16*l - 35. Let h = -70 - -76. Suppose 7*p - h*p = -7*p. Give x(p).
16
Let j(m) be the second derivative of -m**3/6 + 23*m**2/2 + 496*m. What is j(9)?
14
Let t(s) = s**3 - 5*s**2 - 7*s - 7. Let w be (-5)/((-35)/(-2)) - (-568)/28. Suppose 0 = 3*v - 0*v - 2*r - w, 4*r + 34 = 5*v. Calculate t(v).
-13
Let l(b) = 6*b**3 + 4*b**2 + 4*b + 4. Let s(j) = -7*j**3 - 4*j**2 - 4*j - 4. Let n(w) = -4*l(w) - 3*s(w). Calculate n(-2).
12
Let k(t) = -3*t + 3. Let c(b) = -8*b + 10. Suppose 0 = 3*a - 6, -2*f - 2*f + 4*a = -36. Let p be (126/36*8/7)/(-1). Let h(y) = f*k(y) + p*c(y). Calculate h(5).
-12
Let c(z) be the third derivative of -z**4/12 - 2*z**3/3 - z**2. Suppose -617 = -4*l + 2*s - 655, -l - 23 = -2*s. Calculate c(l).
6
Let z(o) = -2*o**3 + o**2 + 3*o - 1. Suppose -14*n + 87 = -1383. Suppose 27 = -39*r + n. Calculate z(r).
-7
Let w(n) be the second derivative of n**5/20 - 3*n**4/4 + 5*n**3/3 - 7*n**2/2 - n + 47. Calculate w(6).
-55
Let h = -2487 + 2481. Let c(o) = -3*o**2 - 7*o - 2. What is c(h)?
-68
Suppose n = -4*n + 10. Let v be 3 + -4 - (-6)/n. Let g(l) be the second derivative of -5*l**4/12 + l**3/2 - 3*l**2/2 - 828*l. Determine g(v).
-17
Let s = 20 + -25. Let p(m) be the first derivative of 29 + 4*m - 1/2*m**2. Determine p(s).
9
Suppose 2*j = -5*r + 7*j + 25, -21 = -r + 5*j. Let t(h) = -7 - 68*h + 60*h - r - 2. What is t(-2)?
6
Let c(x) = 13*x**2 + 67*x + 37 - 39*x - 2*x**2. Let u(m) = 4*m**2 + 9*m + 12. Let f(v) = -3*c(v) + 8*u(v). Give f(-11).
-4
Let t(z) = 7*z**3 + z**2. Let y be 7 - 5/(10/6). Suppose 12*n - 2 = -2. Suppose n*v - 3*v + 5 = -5*u, -4*u = v + y. Determine t(u).
-6
Let d(r) = r**2 + 28*r - 67. Let b be d(-28). Let w = b - -72. Let u(z) = -z**2 + 5*z - 6. Give u(w).
-6
Let o(a) = a**2 - 3*a - 3. Let q be (4/(-12))/((-2)/696). Suppose -4*f + d + 97 = 0, -f = 4*f - 3*d - q. Suppose 8*l + f - 9 = 0. Determine o(l).
7
Let z(t) = 2*t - 104. Let x(f) = f - 71. Let j(w) = 7*x(w) - 5*z(w). Calculate j(6).
5
Let q(p) = p**3 - 11*p**2 + 22*p - 8. Suppose 103 = 16*r - 41. Calculate q(r).
28
Let q(w) = -23*w - 11292 - 33*w + 11282 - 9*w**2. Give q(-6).
2
Let f be (1 - 0)/(4/(-49 + -51)). Let j(d) = d**2 + 18*d + 14. Determine j(f).
189
Let w(h) = 51*h - 42*h - 6*h + 15. What is w(-4)?
3
Let i(b) = -27*b**3 + 41*b**2 - 41*b + 28. Let g(d) = -65*d**3 + 103*d**2 - 103*d + 71. Let m(v) = -5*g(v) + 12*i(v). Give m(22).
3
Let z(g) = -g - 8. Let k(h) = -h**2 + 2*h + 15. Let x be k(5). Suppose -2*a + x = -p + 14, 4*a = -4*p - 52. Determine z(a).
1
Let t be -9 + (-4)/12*-18. Let p(a) = a**3 + 3*a**2 + a - 11. Let w be p(t). Let n(c) = c**3 + 15*c**2 + 13*c - 9. What is n(w)?
5
Let g be (-5)/(-10) + (-1 - 10/(-4)). Suppose g*f = -2 + 44. Let y(u) = u + u + f - 14. Determine y(5).
17
Let l(d) = -10*d + 9. Let b(v) = 11*v - 10. Let i(k) = -5*b(k) - 6*l(k). Let g be (-7 + -4 + (0 - -7))*-1. What is i(g)?
16
Let h(k) = 3*k + 12. Let p(o) = -3*o - 2. Let y(l) = 16*l + 9. Let a(s) = -22*p(s) - 4*y(s). Let t(z) = -7*a(z) + 5*h(z). Give t(-9).
-5
Suppose 25144 + 17351 = 15*n. Let i(d) = -2833 + 4*d + n. Give i(3).
12
Let i(b) be the third derivative of -b**5/30 - 2*b**4/3 - 4*b**3 + 34*b**2 - 61*b. Give i(-9).
-42
Let q = -655 - -1033. Suppose -q*i + 371*i + 7 = 0. Let c(s) = 3*s**3 - 2*s**2 - 4*s**3 + 9*s**3 + s. Give c(i).
7
Suppose -44*c = -57*c + 104 - 13. Let y(d) = d**3 - 5*d**2 - 11*d + 6. What is y(c)?
27
Let f(p) = 16*p - 97. Let w be f(9). Suppose 0 = -14*j - w - 9. Let b(c) = 2*c + 9. Calculate b(j).
1
Let y be 2 - 5/(35/(-42)). Suppose y = -w - b - b, 4*b = -w - 16. Let q(o) = -o**2 - o + 26. Give q(w).
26
Let a(u) be the second derivative of -3*u**5/4 - u**4/6 - u**3/2 - u**2 + 9298*u. Give a(-1).
14
Suppose 884*z - 388*z - 19030 = -369*z. Let f(p) be the third derivative of -p**4/8 + 21*p**3/2 + 5*p**2. Calculate f(z).
-3
Let s(f) = f**2 + 2*f - 4. Let w = 16 + -8. Let k(v) be the second derivative of v**4/12 - 5*v**3/3 + 19*v**2/2 + 245*v. Let g be k(w). Give s(g).
11
Let h(i) = 2*i**2 + 4*i - 1. Let p be h(-3). Let l(k) be the third derivative of k**4/12 - k**3 - k**2 + 63*k - 2. Determine l(p).
4
Let k(y) = 76942 + 3*y**2 - 5*y**2 - 76994 + 16*y. Determine k(4).
-20
Suppose -5*v = -7*v - 10. Let y = v + -9. Let d be 1 + 136/y + 20/(-70). Let z(b) = -b - 8. Determine z(d).
1
Let k(z) = -z**2 + 28*z - 20. Let f be k(20). Let w = 90 - f. Let p = w - -44. Let j(m) = -m**3 - 6*m**2 - 3*m - 1. Give j(p).
17
Suppose 0 = -3*l + 6*l - 6. Let b be (2/(-2))/(4/(-8)). Let i(a) = 0 - l + 8*a - 3*a**b - 3 + 4*a**2. What is i(-6)?
-17
Let y(j) = j**2 + 5*j + 3. Let n be y(-5). Suppose h = -4*s + 8, 0 = -4*s + n*h - 5*h + 4. Let l(z) = -z**2 + 5 - 31*z + 6 - s + 25*z. Calculate l(-6).
8
Let t(k) = 3 + 2 + 7*k - 2*k**3 - 6 + 4*k - 12 - 23*k**2. Give t(-12).
-1
Let u(c) be the second derivative of -25*c**4/12 + c**3/6 + c**2/2 + c. Suppose 9*l = 21*l - 168. Suppose f = -15 + l. Give u(f).
-25
Suppose 4*i + 235595 = 235567. Let n(q) be the second derivative of q**5/20 + q**4/2 - 4*q**3/3 + 3*q**2/2 - 2*q. What is n(i)?
10
Let u(f) be the second derivative of f**5/20 + 5*f**4/12 + f**3 + 5*f**2/2 - f. Let x(g) = -90*g + 626. Let m be x(7). Calculate u(m).
-3
Suppose -5*c - 58 + 1378 = 0. Suppose t = -3*t - c. Let m = -71 - t. Let i(g) = -g**3 - 6*g**2 - 6*g - 5. What is i(m)?
0
Let s(v) = -v**2 + 8*v - 4. Let t = -10 + -46. Let b(d) = d**2 - 41*d - 1521. Let k be b(64). Let r = k - t. Calculate s(r).
3
Let w(k) = -107 - 732*k + 2184*k - 35 - 732*k - 733*k. What is w(-11)?
1
Let l(k) be the third derivative of k**5/60 - k**4/3 + 7*k**3/3 - 691*k**2 + 1. Determine l(2).
2
Let p(l) = -l + 2*l - 4*l. Suppose 4*m = -4*n - 1280, 2*n + 5*m - 920 = 5*n. Let t = n + 311. What is p(t)?
12
Let f(w) = -w**3 + 11*w**2 + 12*w - 8. Suppose -5*i - 27 = -36*t + 35*t, -2*i + 30 = 3*t. Calculate f(t).
-8
Let a(q) = -16*q - 1. Let k(p) = 19*p + 1. Let b(n) = -6*a(n) - 5*k(n). Let j(v) = -6*v - 1. Let h be j(0). Calculate b(h).
0
Let u(i) = 4*i**2 - 485 - 66*i**3 - 5*i + 65*i**3 - 5*i + 487 - 13*i**2. Determine u(-7).
-26
Suppose 31*v + 80 = 51*v. Let f(b) = -32 + 15 + 3*b + 18. Calculate f(v).
13
Let t be 119/11 + 2/11. Let j(l) = 94*l + 13. Let i(x) = -29*x - 3. Let v(q) = -13*i(q) - 4*j(q). Determine v(t).
-2
Let l(n) = 0 + 11*n**2 + 9 - 6 + 2*n. Let t = 16849 + -16850. What is l(t)?
12
Let f be (-2)/4*(2 + -8). Let x(y) = y + 2. Let u(b) = 0*b + 4 + 9*b - 9*b + b. Let a(v) = 3*u(v) - 5*x(v). What is a(f)?
-4
Let k = -307 + 316. Suppose -13*g - 40 = -k*g. Let p(n) = -n**2 - 7*n + 14. What is p(g)?
-16
Let f = 9606 + -9569. Let w(q) = -q**3 + 35*q**2 + 74*q - 2. What is w(f)?
-2
Suppose -8*r = 22 + 18. Let c(m) = -m - 11. Let t(a) = -a - 8. Let s(g) = r*c(g) + 7*t(g). Determine s(-4).
7
Let k = 535 - 533. Suppose 2*c + 7 = -m, -2*c = k*m + 4 + 8. Let d(w) = -9*w + 3. Calculate d(m).
48
Let f(b) = 6*b + 223. Let u be -2 - (-1 + 1) - (-256 - -293). Calculate f(u).
-11
Let f = -72 - -66. Suppose s + 5*t - 27 = 0, 0*t - t - 3 = -4*s. Let j = f + s. Let h(q) = -q**3 - 5*q**2 - 4*q - 2. Calculate h(j).
-2
Suppose -11*d - 79 = -46. Let b(q) = -q**3 - 5*q**2 - 6*q + 7. Give b(d).
7
Let c be ((-6)/(-8))/(5/20). Let m(p) = -151*p - 5. Let n(g) = -202*g - 6. Let b(k) = -4*m(k) + 3*n(k). Determine b(c).
-4
Suppose 9*l - 162 = -9*l. Suppose -2*g = 5*q - 27, -3*q + 6*g + 9 = l*g. Let u(p) be the first derivative of p**4/4 - 7*p**3/3 + p**2/2 - p + 2. Determine u(q).
6
Let y = 24 + 27. Let k = -45 + y. Suppose 4*a - 4*b = -3 + 27, -a + k = 3*b. Let d(s) = -s**3 + 6*s**2 - 3. Give d(a).
-3
Let m(p) = -2*p - 16. Let s(d) = -4*d**3 + 33*d**2 + 25*d + 8. Let o be s(9). Determine m(o).
4
Suppose -9*d = -d - 240. Let m = 35 - d. Let o(l) = -l**3 + 4*l**2 + 6*l - 4. Calculate o(m).
1
Let z(g) be the first derivative of 0*g + 1/2*g**2 - 55. Let l = 2 - 8. Give z(l).
-6
Let m(v) = -3*v - 3. Suppose 3*p + x + 3*x + 32 = 0, 2*p + 22 = -2*x. Let r(i) = 2*i + 26. Let b be r(p). Let y(k) = 1. Let f(d) = b*y(d) - m(d). What is f(-4)?
-7
Suppose 12*s = 114*s + 612. Let b(k) = k**3 + 5*k**2 - 4*k + 4. Calculate b(s).
-8
Let m be (-2)/(-4)*(-16)/(-1). Suppose -14*v + 135 = -v + 14*v. Let a(o) = o + m + 